{"id":1901,"date":"2024-03-07T23:12:29","date_gmt":"2024-03-07T22:12:29","guid":{"rendered":"https:\/\/dbis.ibp.cz\/?page_id=1901"},"modified":"2025-11-14T01:20:56","modified_gmt":"2025-11-14T00:20:56","slug":"intercellular-communication-in-inflammation-connected-pathologies","status":"publish","type":"page","link":"https:\/\/dbis.ibp.cz\/index.php\/research\/intercellular-communication-in-inflammation-connected-pathologies\/","title":{"rendered":"Intercellular communication in inflammation-connected pathologies\u200b"},"content":{"rendered":"\t\t<div data-elementor-type=\"wp-page\" data-elementor-id=\"1901\" class=\"elementor elementor-1901\">\n\t\t\t\t\t\t<section class=\"elementor-section elementor-top-section elementor-element elementor-element-8b5c05c elementor-section-boxed elementor-section-height-default elementor-section-height-default\" data-id=\"8b5c05c\" data-element_type=\"section\" data-e-type=\"section\">\n\t\t\t\t\t\t<div class=\"elementor-container elementor-column-gap-default\">\n\t\t\t\t\t<div class=\"elementor-column elementor-col-100 elementor-top-column elementor-element elementor-element-abced66\" data-id=\"abced66\" data-element_type=\"column\" data-e-type=\"column\">\n\t\t\t<div class=\"elementor-widget-wrap elementor-element-populated\">\n\t\t\t\t\t\t<section class=\"elementor-section elementor-inner-section elementor-element elementor-element-a7e661f elementor-section-boxed elementor-section-height-default elementor-section-height-default\" data-id=\"a7e661f\" data-element_type=\"section\" data-e-type=\"section\">\n\t\t\t\t\t\t<div class=\"elementor-container elementor-column-gap-default\">\n\t\t\t\t\t<div class=\"elementor-column elementor-col-100 elementor-inner-column elementor-element elementor-element-4e20803\" data-id=\"4e20803\" data-element_type=\"column\" data-e-type=\"column\">\n\t\t\t<div class=\"elementor-widget-wrap elementor-element-populated\">\n\t\t\t\t\t\t<div class=\"elementor-element elementor-element-1f924e1 elementor-widget elementor-widget-heading\" data-id=\"1f924e1\" data-element_type=\"widget\" data-e-type=\"widget\" data-widget_type=\"heading.default\">\n\t\t\t\t<div class=\"elementor-widget-container\">\n\t\t\t\t\t<h1 class=\"elementor-heading-title elementor-size-default\"><b>Intercellular communication<\/b> in inflammation-connected pathologies<\/h1>\t\t\t\t<\/div>\n\t\t\t\t<\/div>\n\t\t\t\t<div class=\"elementor-element elementor-element-6116fe8 elementor-widget elementor-widget-image\" data-id=\"6116fe8\" data-element_type=\"widget\" data-e-type=\"widget\" data-widget_type=\"image.default\">\n\t\t\t\t<div class=\"elementor-widget-container\">\n\t\t\t\t\t\t\t\t\t\t\t\t\t\t\t<img fetchpriority=\"high\" decoding=\"async\" width=\"768\" height=\"538\" src=\"https:\/\/dbis.ibp.cz\/wp-content\/uploads\/2025\/11\/E\u00b4Vs_skupinova_2-768x538.jpg\" class=\"attachment-medium_large size-medium_large wp-image-3516\" alt=\"\" srcset=\"https:\/\/dbis.ibp.cz\/wp-content\/uploads\/2025\/11\/E\u00b4Vs_skupinova_2-768x538.jpg 768w, https:\/\/dbis.ibp.cz\/wp-content\/uploads\/2025\/11\/E\u00b4Vs_skupinova_2-300x210.jpg 300w, https:\/\/dbis.ibp.cz\/wp-content\/uploads\/2025\/11\/E\u00b4Vs_skupinova_2-1024x717.jpg 1024w, https:\/\/dbis.ibp.cz\/wp-content\/uploads\/2025\/11\/E\u00b4Vs_skupinova_2-1536x1075.jpg 1536w, https:\/\/dbis.ibp.cz\/wp-content\/uploads\/2025\/11\/E\u00b4Vs_skupinova_2-2048x1433.jpg 2048w\" sizes=\"(max-width: 768px) 100vw, 768px\" title=\"\">\t\t\t\t\t\t\t\t\t\t\t\t\t\t\t<\/div>\n\t\t\t\t<\/div>\n\t\t\t\t<div class=\"elementor-element elementor-element-61ad032 elementor-widget elementor-widget-text-editor\" data-id=\"61ad032\" data-element_type=\"widget\" data-e-type=\"widget\" data-widget_type=\"text-editor.default\">\n\t\t\t\t<div class=\"elementor-widget-container\">\n\t\t\t\t\t\t\t\t\t<p><span lang=\"EN-US\"><span style=\"font-family: Raleway; font-size: 18px; font-style: normal; font-variant-ligatures: normal; font-variant-caps: normal; font-weight: 400;\">\u00a0<\/span><span style=\"font-variant-ligatures: normal; font-variant-caps: normal; font-family: Raleway; font-size: 18px; font-style: normal; font-weight: bold;\">Responsible person:<\/span><span style=\"font-family: Raleway; font-size: 18px; font-style: normal; font-variant-ligatures: normal; font-variant-caps: normal; font-weight: 400;\">\u00a0Gabriela Ambro\u017eov\u00e1, Krist\u00fdna Turkov\u00e1<\/span><br \/><\/span><\/p><p><span style=\"font-size: 18px;\">Intercellular communication is crucial in inflammation-connected pathologies, as it orchestrates the immune response and maintains tissue homeostasis; however, disruptions in these communication pathways can lead to chronic inflammation. The microbiome plays a pivotal role in inflammation-connected pathologies by influencing immune system function and maintaining gut barrier integrity. Dysbiosis, or an imbalance in the microbiome, can trigger inflammatory responses and contribute to the development of diseases such as inflammatory bowel diseases. Our research, emphasizing the dynamic interplay between the microbiome and host cells, aims to understand the molecular mechanisms of inflammatory processes in different tissues, revealing possibilities for their regulation. This understanding is necessary for the development of effective strategies for the prevention and therapy of diseases connected to chronic inflammation, such as inflammatory bowel diseases, cardiovascular diseases, arthritis, and peritoneal fibrosis.<\/span><\/p><p><span lang=\"EN-US\">In studying intercellular communication, we focus on extracellular vesicles (EVs) of both eukaryotic and prokaryotic origin. These membrane-derived particles reflect their cellular origin and functional state through the bioactive cargoes they carry and can regulate inflammation. EVs, along with signaling molecules like cytokines and chemokines, facilitate the transfer of proteins, lipids, and RNA between cells, coordinating the activation, recruitment, and resolution of immune cells at sites of injury or infection. However, particularly the interaction of bacterial extracellular vesicles with immune host cells is poorly explored.<\/span><\/p><p><span lang=\"EN-US\"><span style=\"color: #000000; font-family: Raleway; font-size: 18px; font-style: normal; font-variant-ligatures: normal; font-variant-caps: normal; font-weight: 400;\">We employ innovative in vivo and in vitro models, alongside modern molecular and biochemical methods, including flow cytometry, advanced microscopy, and bioinformatics.\u00a0<\/span><br \/><\/span><\/p>\t\t\t\t\t\t\t\t<\/div>\n\t\t\t\t<\/div>\n\t\t\t\t<section class=\"elementor-section elementor-inner-section elementor-element elementor-element-cfbdfb7 elementor-section-boxed elementor-section-height-default elementor-section-height-default\" data-id=\"cfbdfb7\" data-element_type=\"section\" data-e-type=\"section\">\n\t\t\t\t\t\t<div class=\"elementor-container elementor-column-gap-default\">\n\t\t\t\t\t<div class=\"elementor-column elementor-col-50 elementor-inner-column elementor-element elementor-element-bd6649d\" data-id=\"bd6649d\" data-element_type=\"column\" data-e-type=\"column\">\n\t\t\t<div class=\"elementor-widget-wrap elementor-element-populated\">\n\t\t\t\t\t\t<div class=\"elementor-element elementor-element-54faf87 e-transform elementor-widget elementor-widget-text-editor\" data-id=\"54faf87\" data-element_type=\"widget\" data-e-type=\"widget\" data-settings=\"{&quot;_transform_translateX_effect&quot;:{&quot;unit&quot;:&quot;px&quot;,&quot;size&quot;:&quot;&quot;,&quot;sizes&quot;:[]},&quot;_transform_translateX_effect_tablet&quot;:{&quot;unit&quot;:&quot;px&quot;,&quot;size&quot;:&quot;&quot;,&quot;sizes&quot;:[]},&quot;_transform_translateX_effect_mobile&quot;:{&quot;unit&quot;:&quot;px&quot;,&quot;size&quot;:&quot;&quot;,&quot;sizes&quot;:[]},&quot;_transform_translateY_effect&quot;:{&quot;unit&quot;:&quot;px&quot;,&quot;size&quot;:&quot;&quot;,&quot;sizes&quot;:[]},&quot;_transform_translateY_effect_tablet&quot;:{&quot;unit&quot;:&quot;px&quot;,&quot;size&quot;:&quot;&quot;,&quot;sizes&quot;:[]},&quot;_transform_translateY_effect_mobile&quot;:{&quot;unit&quot;:&quot;px&quot;,&quot;size&quot;:&quot;&quot;,&quot;sizes&quot;:[]}}\" data-widget_type=\"text-editor.default\">\n\t\t\t\t<div class=\"elementor-widget-container\">\n\t\t\t\t\t\t\t\t\t<h5>\u00a0<\/h5><p>Our team is a member of the international group\u00a0<span style=\"color: #0000ff;\"><a style=\"color: #0000ff;\" href=\"https:\/\/www.sci.muni.cz\/czesev\" target=\"_blank\" rel=\"noopener\"><b>Czech Society for Extracellular Vesicles<\/b><\/a>.<\/span><\/p>\t\t\t\t\t\t\t\t<\/div>\n\t\t\t\t<\/div>\n\t\t\t\t\t<\/div>\n\t\t<\/div>\n\t\t\t\t<div class=\"elementor-column elementor-col-50 elementor-inner-column elementor-element elementor-element-49f51c7\" data-id=\"49f51c7\" data-element_type=\"column\" data-e-type=\"column\">\n\t\t\t<div class=\"elementor-widget-wrap elementor-element-populated\">\n\t\t\t\t\t\t<div class=\"elementor-element elementor-element-0dd3fb6 elementor-widget elementor-widget-image\" data-id=\"0dd3fb6\" data-element_type=\"widget\" data-e-type=\"widget\" data-widget_type=\"image.default\">\n\t\t\t\t<div class=\"elementor-widget-container\">\n\t\t\t\t\t\t\t\t\t\t\t\t\t\t\t\t<a href=\"https:\/\/www.sci.muni.cz\/czesev\" target=\"_blank\" rel=\"noopener\">\n\t\t\t\t\t\t\t<img decoding=\"async\" width=\"300\" height=\"101\" src=\"https:\/\/dbis.ibp.cz\/wp-content\/uploads\/2024\/03\/CzEVS_logo_2-300x101.png\" class=\"attachment-medium size-medium wp-image-2084\" alt=\"\" srcset=\"https:\/\/dbis.ibp.cz\/wp-content\/uploads\/2024\/03\/CzEVS_logo_2-300x101.png 300w, https:\/\/dbis.ibp.cz\/wp-content\/uploads\/2024\/03\/CzEVS_logo_2-768x259.png 768w, https:\/\/dbis.ibp.cz\/wp-content\/uploads\/2024\/03\/CzEVS_logo_2.png 866w\" sizes=\"(max-width: 300px) 100vw, 300px\" title=\"\">\t\t\t\t\t\t\t\t<\/a>\n\t\t\t\t\t\t\t\t\t\t\t\t\t\t\t<\/div>\n\t\t\t\t<\/div>\n\t\t\t\t\t<\/div>\n\t\t<\/div>\n\t\t\t\t\t<\/div>\n\t\t<\/section>\n\t\t\t\t<div class=\"elementor-element elementor-element-02de821 elementor-widget elementor-widget-image\" data-id=\"02de821\" data-element_type=\"widget\" data-e-type=\"widget\" data-widget_type=\"image.default\">\n\t\t\t\t<div class=\"elementor-widget-container\">\n\t\t\t\t\t\t\t\t\t\t\t\t<figure class=\"wp-caption\">\n\t\t\t\t\t\t\t\t\t\t<img decoding=\"async\" width=\"768\" height=\"265\" src=\"https:\/\/dbis.ibp.cz\/wp-content\/uploads\/2024\/08\/Evs2-768x265.png\" class=\"attachment-medium_large size-medium_large wp-image-2630\" alt=\"\" srcset=\"https:\/\/dbis.ibp.cz\/wp-content\/uploads\/2024\/08\/Evs2-768x265.png 768w, https:\/\/dbis.ibp.cz\/wp-content\/uploads\/2024\/08\/Evs2-300x103.png 300w, https:\/\/dbis.ibp.cz\/wp-content\/uploads\/2024\/08\/Evs2-1024x353.png 1024w, https:\/\/dbis.ibp.cz\/wp-content\/uploads\/2024\/08\/Evs2-1536x530.png 1536w, https:\/\/dbis.ibp.cz\/wp-content\/uploads\/2024\/08\/Evs2-2048x706.png 2048w\" sizes=\"(max-width: 768px) 100vw, 768px\" title=\"\">\t\t\t\t\t\t\t\t\t\t\t<figcaption class=\"widget-image-caption wp-caption-text\">Confocal microscopy analysis of Lb-EV interaction with Caco-2 cell line. <\/figcaption>\n\t\t\t\t\t\t\t\t\t\t<\/figure>\n\t\t\t\t\t\t\t\t\t<\/div>\n\t\t\t\t<\/div>\n\t\t\t\t<div class=\"elementor-element elementor-element-0cdeb87 elementor-widget elementor-widget-image\" data-id=\"0cdeb87\" data-element_type=\"widget\" data-e-type=\"widget\" data-widget_type=\"image.default\">\n\t\t\t\t<div class=\"elementor-widget-container\">\n\t\t\t\t\t\t\t\t\t\t\t\t<figure class=\"wp-caption\">\n\t\t\t\t\t\t\t\t\t\t<img loading=\"lazy\" decoding=\"async\" width=\"768\" height=\"269\" src=\"https:\/\/dbis.ibp.cz\/wp-content\/uploads\/2024\/08\/EVs-768x269.png\" class=\"attachment-medium_large size-medium_large wp-image-2629\" alt=\"\" srcset=\"https:\/\/dbis.ibp.cz\/wp-content\/uploads\/2024\/08\/EVs-768x269.png 768w, https:\/\/dbis.ibp.cz\/wp-content\/uploads\/2024\/08\/EVs-300x105.png 300w, https:\/\/dbis.ibp.cz\/wp-content\/uploads\/2024\/08\/EVs-1024x358.png 1024w, https:\/\/dbis.ibp.cz\/wp-content\/uploads\/2024\/08\/EVs-1536x537.png 1536w, https:\/\/dbis.ibp.cz\/wp-content\/uploads\/2024\/08\/EVs.png 1733w\" sizes=\"(max-width: 768px) 100vw, 768px\" title=\"\">\t\t\t\t\t\t\t\t\t\t\t<figcaption class=\"widget-image-caption wp-caption-text\">TEM analysis of extracellular vesicles isolated from peritoneal lavage<\/figcaption>\n\t\t\t\t\t\t\t\t\t\t<\/figure>\n\t\t\t\t\t\t\t\t\t<\/div>\n\t\t\t\t<\/div>\n\t\t\t\t<div class=\"elementor-element elementor-element-43675fe elementor-widget elementor-widget-image\" data-id=\"43675fe\" data-element_type=\"widget\" data-e-type=\"widget\" data-widget_type=\"image.default\">\n\t\t\t\t<div class=\"elementor-widget-container\">\n\t\t\t\t\t\t\t\t\t\t\t\t<figure class=\"wp-caption\">\n\t\t\t\t\t\t\t\t\t\t<img loading=\"lazy\" decoding=\"async\" width=\"1536\" height=\"418\" src=\"https:\/\/dbis.ibp.cz\/wp-content\/uploads\/2024\/08\/Evs3-1536x418.png\" class=\"attachment-1536x1536 size-1536x1536 wp-image-2631\" alt=\"\" srcset=\"https:\/\/dbis.ibp.cz\/wp-content\/uploads\/2024\/08\/Evs3-1536x418.png 1536w, https:\/\/dbis.ibp.cz\/wp-content\/uploads\/2024\/08\/Evs3-300x82.png 300w, https:\/\/dbis.ibp.cz\/wp-content\/uploads\/2024\/08\/Evs3-1024x278.png 1024w, https:\/\/dbis.ibp.cz\/wp-content\/uploads\/2024\/08\/Evs3-768x209.png 768w, https:\/\/dbis.ibp.cz\/wp-content\/uploads\/2024\/08\/Evs3-2048x557.png 2048w\" sizes=\"(max-width: 1536px) 100vw, 1536px\" title=\"\">\t\t\t\t\t\t\t\t\t\t\t<figcaption class=\"widget-image-caption wp-caption-text\">Proteomic analysis of Lacticaseibacillus rhamnosus CCM7091 membrane vesicles (MVs) isolated at different cultivation times: 6, 12, and 48 h (MV6, MV12, MV48). <\/figcaption>\n\t\t\t\t\t\t\t\t\t\t<\/figure>\n\t\t\t\t\t\t\t\t\t<\/div>\n\t\t\t\t<\/div>\n\t\t\t\t\t<\/div>\n\t\t<\/div>\n\t\t\t\t\t<\/div>\n\t\t<\/section>\n\t\t\t\t\t<\/div>\n\t\t<\/div>\n\t\t\t\t\t<\/div>\n\t\t<\/section>\n\t\t\t\t<\/div>\n\t\t","protected":false},"excerpt":{"rendered":"<p>Intercellular communication in inflammation-connected pathologies \u00a0Responsible person:\u00a0Gabriela Ambro\u017eov\u00e1, Krist\u00fdna Turkov\u00e1 Intercellular communication is crucial in inflammation-connected pathologies, as it orchestrates the immune response and maintains tissue homeostasis; however, disruptions in these communication pathways can lead to chronic inflammation. The microbiome plays a pivotal role in inflammation-connected pathologies by influencing immune system function and maintaining gut [&hellip;]<\/p>\n","protected":false},"author":3,"featured_media":0,"parent":33,"menu_order":0,"comment_status":"closed","ping_status":"closed","template":"elementor_header_footer","meta":{"footnotes":""},"class_list":["post-1901","page","type-page","status-publish","hentry","entry"],"_links":{"self":[{"href":"https:\/\/dbis.ibp.cz\/index.php\/wp-json\/wp\/v2\/pages\/1901","targetHints":{"allow":["GET"]}}],"collection":[{"href":"https:\/\/dbis.ibp.cz\/index.php\/wp-json\/wp\/v2\/pages"}],"about":[{"href":"https:\/\/dbis.ibp.cz\/index.php\/wp-json\/wp\/v2\/types\/page"}],"author":[{"embeddable":true,"href":"https:\/\/dbis.ibp.cz\/index.php\/wp-json\/wp\/v2\/users\/3"}],"replies":[{"embeddable":true,"href":"https:\/\/dbis.ibp.cz\/index.php\/wp-json\/wp\/v2\/comments?post=1901"}],"version-history":[{"count":54,"href":"https:\/\/dbis.ibp.cz\/index.php\/wp-json\/wp\/v2\/pages\/1901\/revisions"}],"predecessor-version":[{"id":3524,"href":"https:\/\/dbis.ibp.cz\/index.php\/wp-json\/wp\/v2\/pages\/1901\/revisions\/3524"}],"up":[{"embeddable":true,"href":"https:\/\/dbis.ibp.cz\/index.php\/wp-json\/wp\/v2\/pages\/33"}],"wp:attachment":[{"href":"https:\/\/dbis.ibp.cz\/index.php\/wp-json\/wp\/v2\/media?parent=1901"}],"curies":[{"name":"wp","href":"https:\/\/api.w.org\/{rel}","templated":true}]}}